s(1). Calculate the highest common divisor of i and 231.
11
Let v = -525 - -552. What is the highest common factor of 72 and v?
9
Let h = -14 + 35. Let y(k) = -k**3 + 7*k**2 + k + 18. Let g be y(9). Let c = g - -198. What is the greatest common divisor of h and c?
21
Let x(b) = -b**3 + 5*b**2 + 10*b - 43. Let i be x(5). Calculate the greatest common divisor of i and 11.
1
Suppose 3*d + 0*m - 436 = 4*m, 8*d + 4*m = 1104. Suppose 4*t - 97 = 15. What is the greatest common divisor of t and d?
28
Suppose -j - 75 = 5*y - 3*j, -8 = y + j. Let c(i) = i**2 + 13*i. Let k be c(y). Suppose -7*q + 9*q - 36 = k. Calculate the highest common factor of 27 and q.
9
Suppose 2*f - x - 48 = 0, -5*x = 5*f - 3*f - 72. What is the highest common factor of f and 6?
2
Suppose 102 = -h + 7*h. Suppose -58 = -5*u + h. Calculate the greatest common factor of u and 6.
3
Let a(o) = -3*o**3 + 16*o + 69. Let l be a(-3). Calculate the greatest common factor of l and 85.
17
Let u = 1018 - 909. What is the greatest common factor of 981 and u?
109
Let u = 17 + -14. Suppose -2*n - 2*z = -0*z - 470, -z - u = 0. Let l be n/22 + (-24)/(-132). Calculate the highest common factor of 11 and l.
11
Let k be 1 + (0 - -5) + 2. Let m be k/(-12)*3*(-11 + 2). What is the highest common factor of 6 and m?
6
Let j(h) = h**3 + 5*h**2 - 3*h. Let t be (-2 + 16/6)*-6. Let c be j(t). Suppose -204 - 216 = -10*r. Calculate the highest common divisor of r and c.
14
Suppose -2*o = -2*n - 1170, 0 = 2*o - o - 5*n - 585. What is the greatest common factor of 15 and o?
15
Let a(d) = 102*d - 10. Let p be a(1). Let h = p + -89. What is the highest common divisor of h and 6?
3
Let i be 6 - (-2 + 4) - 0. Suppose -3*g = i*u - 23 - 123, -4*g = 4*u - 144. Calculate the highest common factor of u and 304.
38
Let p(j) = 3*j**2 - 11*j + 10. Let w be p(7). Suppose -9*o + 386 - 98 = 0. Calculate the greatest common divisor of o and w.
16
Suppose x + 118 = 4*x + p, 2*p = -4*x + 156. Suppose 0 = 5*t - 2*b - 95 - x, -4*t + 90 = 2*b. Let r = 6 + -1. Calculate the greatest common divisor of r and t.
5
Let o = -85 + 75. Let m(a) = a**2 + 5*a + 13. Let x be m(o). Calculate the highest common factor of 21 and x.
21
Let j = 58 + 12. Suppose j = 3*y - 14. Calculate the highest common factor of 56 and y.
28
Suppose 5*c - 11*f = -7*f + 177, 2*f = -6. Calculate the highest common divisor of 12 and c.
3
Suppose 1 - 20 = o. Let j = 31 + o. Suppose 2*d - 32 = -z, 0 = d + z + 3 - 17. What is the greatest common factor of j and d?
6
Suppose 0 = -0*k - k - 1, 3*k - 1222 = -5*p. Let q = 430 - p. Calculate the greatest common factor of 37 and q.
37
Let a(l) = 10*l**2 + 1 + l**3 - 5 + 4*l - 6*l. Let m be a(-10). Let q be (-259)/(-4) + 4/m. What is the highest common factor of 26 and q?
13
Let r = -1304 - -1310. Let u = -18 - -42. Calculate the greatest common factor of r and u.
6
Let x = -25 + 20. Let n be 2 + x - 0/2. Let c = 15 + n. Calculate the highest common divisor of c and 132.
12
Suppose -4*b = -4*a + b + 48, 4*b = 4*a - 44. What is the greatest common divisor of 112 and a?
7
Suppose 0 = -4*a - 0*c - c + 2044, 5*c = 0. Calculate the highest common divisor of 292 and a.
73
Let v be 1*9 - (4 + -2). Let w = v + 38. Let m(c) = 9*c + 3. Let q be m(3). Calculate the highest common factor of q and w.
15
Suppose 4*n - 81 = 239. Let d be 18/(-12)*20/(-6). Suppose 0 = -d*l + 2*x + 154, -4*l + 33 = 4*x - 107. Calculate the highest common factor of n and l.
16
Let g = 4 - 4. Suppose g*x = 4*i + 4*x - 40, -58 = -5*i + 3*x. Suppose -4*d = d - 550. Calculate the highest common divisor of d and i.
11
Let k(s) = 2*s**2. Let x be k(-1). Let z = x + 25. Suppose 0 = 5*y - 5*d + 10, 2*d + d - 27 = -4*y. What is the highest common divisor of z and y?
3
Suppose -q - 169 = -2*a, -4*a + 3*q = -198 - 135. What is the highest common divisor of a and 3?
3
Let k be (-1768)/(-18) - (-38)/(-171). Suppose 0 = 4*l + 3*t - 99, -5*l + l - 2*t = -k. Calculate the greatest common factor of l and 168.
24
Let f be -4 + 5 + -6 - (-64)/2. What is the highest common factor of 351 and f?
27
Suppose -345 = -5*a + f, -4*a + 7*a - 195 = 3*f. Let g = -41 + a. What is the highest common factor of 203 and g?
29
Suppose -16 = -b - 2. Suppose 0 = -5*z - b - 66. Let s = -5 - z. Calculate the highest common divisor of s and 121.
11
Suppose -j = -g + 28, -2*g = 2*g - 4. Let r be 1/(2/(-72)) - (-4 - -7). Let d = j - r. Calculate the greatest common factor of 36 and d.
12
Suppose -n = n. Let j(u) = 2*u**2 - u + 207. Let d be j(n). What is the highest common factor of d and 23?
23
Let l be (-35)/(-28) + 2/(-8). Suppose 0 = 5*x + 2*g - 29, 3*x - x + l = -5*g. What is the greatest common divisor of x and 1?
1
Let n = -121 - -123. Suppose 3*m + n = 2*o, -4*m + o = -3*o + 8. What is the greatest common factor of 10 and m?
2
Suppose -243 = -5*s + 3*x, -4*x + 47 + 20 = s. Calculate the highest common factor of s and 17.
17
Let p be (-1646)/(-8) - 2/(-8). Calculate the greatest common divisor of p and 2.
2
Suppose -5*f = 20, 33*t - 28*t - 2*f - 283 = 0. Calculate the greatest common divisor of t and 2255.
55
Let w be (-4)/1 + -45 + 164. Calculate the highest common divisor of w and 15.
5
Suppose 5*y - 2*p - 582 = 0, -4*y + 14*p = 17*p - 461. Calculate the greatest common divisor of 16 and y.
4
Suppose 3*f = 1589 + 163. Calculate the highest common divisor of 40 and f.
8
Suppose 40 = 3*t + 4*l, 4 = t + 4*l - 12. Suppose -2*v + 6*v - 20 = -w, 20 = -5*v. Calculate the highest common factor of w and t.
12
Let k(y) = -y**2 + 36*y - 164. Let s be k(30). Calculate the highest common factor of 68 and s.
4
Let v = 3 - -5. Let c be 1 + ((-6)/2 - -1). Let o be 18/(2 + c/2). What is the highest common divisor of v and o?
4
Let a(n) = 179*n**2 + 17*n. Let v be a(-1). Calculate the greatest common divisor of 12 and v.
6
Let c(t) = t**3 + 9*t**2 + 5*t - 21. Let u be c(-8). Suppose 4*s - o - 21 = 0, -2*s - u*o - 23 = -6*s. What is the highest common factor of s and 2?
1
Let k(t) = 8*t**2 + 2*t + 2. Let w be k(-2). Let v = 18 - 4. Suppose f - 1 = 0, -1 = -3*l + 3*f + v. Calculate the highest common divisor of w and l.
6
Suppose 4 = -4*y, -3*n + 10*y + 1569 = 7*y. What is the highest common divisor of 18 and n?
18
Let d(m) = m**2 - m + 6*m - 6 - 1 - m. Let b be d(-6). Suppose -b*f = 36 - 316. What is the greatest common factor of f and 14?
14
Let u = -22 - -23. Let r be (-32 - u - 3)*1. Let f = -25 - r. Calculate the greatest common divisor of f and 33.
11
Let m = -2042 - -2046. What is the greatest common divisor of 128 and m?
4
Let m be 17538/370 - 6/(-10). Calculate the greatest common factor of 72 and m.
24
Let x be ((-200)/60)/(1/(-3)*2). Calculate the highest common divisor of 30 and x.
5
Let f(n) = 2*n**2 + 3*n - 2. Let h be f(1). Suppose h*m = 5*m. Let x be m + -2 + -2 + 89. What is the highest common divisor of 34 and x?
17
Suppose -543 + 345 = -11*b. Calculate the highest common divisor of b and 99.
9
Suppose -13*h = 6*h - 190. What is the highest common factor of h and 2?
2
Suppose -5*v = -5*q + 490, 78 = -6*q + 7*q + 3*v. What is the highest common factor of 62 and q?
31
Let h(u) = 20*u - 2700. Let p be h(138). Suppose -d = 3*k - 117, -2*d + 7*d = 2*k - 95. What is the highest common divisor of p and k?
20
Let b = -528 + 561. Calculate the highest common divisor of 6 and b.
3
Let n(p) = 3*p + 16. Let t be n(-13). Let f = 33 + t. Let a = 61 + -21. What is the highest common factor of f and a?
10
Let s = -1088 - -1104. What is the greatest common divisor of s and 10?
2
Suppose 0 = -u - 3, 3*k + 50 - 773 = u. Suppose -20*r = 8*r - 840. What is the greatest common factor of k and r?
30
Let n(y) = y**3. Let s be n(0). Suppose 7*q - 4 = 5*q. Suppose k + q*k - 27 = s. Calculate the highest common factor of k and 9.
9
Suppose 55 = 5*p - 5*m, -2*p + 4*m - m = -26. Calculate the highest common divisor of p and 77.
7
Let s(j) = j**2 + 65. Let a be s(0). Suppose -16 + 4 = n + 5*m, n - 8 = -m. What is the highest common factor of n and a?
13
Let a = 123 - 53. Suppose t + 2*h = 13, 5*t + 3*h - a = -2*h. What is the highest common divisor of 3 and t?
3
Let q = 6 - 1. Suppose 2*f + 3*c - 79 = 0, q*f + 0*f - 3*c = 166. Calculate the greatest common divisor of f and 280.
35
Suppose 12 = 6*r - 2*r. Suppose -3*z + 5